
True
Let w be -7*(-1 + ((-12)/(-28))/3). Suppose w*v - 1368 = 2*v. Let t = v + -131. Is t composite?
False
Let r = -83 - -85. Suppose -5*p + 2*b + 21424 = 5025, r*p = -b + 6556. Is p a prime number?
False
Let p be 8/3 - (-28)/84. Suppose 4*x + 3*r - 26 = 0, -x + p*x + 2*r = 14. Suppose -q = x*l - 1027, -5*q - 3*l + 1079 = -3968. Is q prime?
False
Let c(a) = -a**2 + 7*a - 4. Let t be c(6). Let n be -2*(-2 - -129)*-1*t. Suppose -3*m - m = -n. Is m prime?
True
Suppose -2*t - 2*s = -5*s - 8879, 0 = -2*t + 5*s + 8877. Suppose -x - 1480 = -b, t = -0*b + 3*b - 2*x. Is b a composite number?
False
Let n = -241 + 247. Suppose 3*s + 8457 = n*s. Is s a prime number?
True
Let x(u) = 328*u**2 + 51*u + 344. Is x(-6) composite?
True
Let s(j) = 21227*j + 232. Is s(3) composite?
False
Let b = -34 - -36. Suppose b*i = -t - 1277, 5*i = -t + i - 1273. Let k = 1972 + t. Is k composite?
False
Let p be -1 + 6/3 - (-13 - -18). Is 8/p*(30865/(-2) + 0) composite?
True
Let w(v) = -156*v - 51. Let u(x) = 78*x + 26. Let a(k) = 5*u(k) + 3*w(k). Suppose -5*n = m + 64, -505 + 337 = 12*n + 4*m. Is a(n) a composite number?
True
Let a(u) = 4*u + 9. Let m(r) = 13*r + 26. Let z(f) = -7*a(f) + 2*m(f). Let k be z(-15). Is (-2)/8*k*(-84)/3 a prime number?
False
Let b(y) = -8*y**2 + 8*y + 21. Let i be b(-8). Let z = i + 2066. Is z composite?
False
Let c(l) = -2419*l - 200. Let y be c(-20). Suppose -y - 34851 = -39*a. Is a a composite number?
False
Let q(r) = -11*r - 3. Let v be q(-1). Suppose v*j = 122 - 26. Is 3956/j + (8/(-6))/2 composite?
True
Suppose -10612990 - 2859951 = -323*a + 38362422. Is a a prime number?
True
Let l = 847 - -3646. Is l a composite number?
False
Suppose 232884 - 26640 = -6*n. Let c = n - -54220. Is c a prime number?
False
Suppose -23 = -8*q + 41. Suppose 0 = -34*z + q*z + 365846. Is z composite?
False
Let i = -2 - -2. Let m(o) = -2*o**3 - o**2 + 2*o + 1. Let w(p) = 3*p**3 + p**2 - 2*p - 1440. Let q(v) = -m(v) - w(v). Is q(i) a prime number?
True
Let w(k) = -k**2 - 13*k + 87. Let n be w(5). Let z(j) = -155*j**3 + j**2 - 5. Is z(n) a composite number?
True
Suppose -4*t + 3*x = -t - 10062, 0 = -2*t + x + 6707. Let s = -45 + 53. Suppose q - s*q = -t. Is q a prime number?
True
Let c be (-6)/(0 - (-6)/(-4)). Suppose -c*v + 3818 = -8*m + 3*m, 2*v - 1894 = -5*m. Suppose -v = -5*x - 3*x. Is x a composite number?
True
Suppose 3*n + 4 = -n. Is 251216/42 + n/3 - 4 a composite number?
True
Is 70/(-3) + 23 + 5/(30/246164) composite?
True
Suppose -2*y - 4*f + 6*f = -22, -2*y + 3*f + 23 = 0. Suppose 5*k - 2*z = -y, -8*z + 20 = -4*z. Is (267 - -8) + k + -1 a composite number?
True
Let a = 59305 - 38364. Is a prime?
False
Suppose -74*s + 11*s + 1107 = -179262. Is s a composite number?
True
Suppose 0 = -4*x + 3*g + 12, -4*x + g + 8 + 12 = 0. Is (23477/(-102))/((-1)/x) prime?
True
Let y(s) = 2*s**2 - 10*s - 8. Let i be y(6). Suppose -3*x - 4*u + 15 = 0, 4*u = i*x - 9*x + 25. Is x/(-5) - -2 - (-394 - 0) composite?
True
Let w(u) = 16580*u + 253. Is w(45) composite?
False
Let v(c) = -6*c - 5 + 10737*c**2 - 722*c**2 + 8601*c**2 + 12*c. Is v(1) prime?
True
Let b be 1 + 2*(-430)/(-4) + 3. Suppose -4*g + 538 = -3*z, -4*z - z - 126 = -g. Let c = b + g. Is c a composite number?
True
Let x(f) = -250*f + 190. Let z be x(-12). Suppose -s = -4*o - 509 - 1078, -2*s + 4*o + z = 0. Is s composite?
True
Let h(p) = -p**2 + 16*p - 9. Let c be h(18). Let x be 4/(-18) - 10/c. Suppose x = 4*t - t - 3*r - 642, 4*t = -r + 841. Is t a composite number?
False
Let o = 42 + -35. Let w(u) = 10*u + 16 + 77*u**3 - o*u - 7 + 3*u**2. Is w(4) composite?
True
Let b(x) be the second derivative of 311*x**4/12 + 3*x**3/2 - 15*x**2 - 3*x - 5. Let z be b(6). Is (-2 + 4)/(-6 - z/(-1869)) a prime number?
False
Is 3/12*(-17)/((-204)/3766704) prime?
False
Let t be (0 + -34)/2*(3 + -20). Suppose -285*f - 14516 = -t*f. Is f prime?
False
Let o(t) = -147533*t + 50. Is o(-1) composite?
False
Let n be -13 + 128922/18 + (-2)/(-3). Suppose v - n = 3*x, v = -x + 6260 + 902. Is v a prime number?
True
Let t = 220 + -29. Suppose 0 = 20*u - 19*u - t. Is u prime?
True
Let k(y) = 23*y + 8. Let z be k(7). Let h be (80/(-12))/((-4)/12). Let r = z - h. Is r composite?
False
Let c = 347657 + -128548. Is c a composite number?
True
Let v(w) = 74*w**2 - 144*w + 1323. Is v(10) a composite number?
False
Suppose -5*h = -5*o - 2*h - 81, h + 93 = -5*o. Is 1 - 68152/o - (-26)/(-117) a prime number?
False
Let s(z) = 93*z + 37. Let k be (6/4)/(3/44) - 5. Is s(k) a prime number?
False
Let v be -8 + -128 - (-1 - -2). Suppose 5 = -4*b - 7. Is (-1)/b + v/(-3) a composite number?
True
Let l(k) = -1945*k + 34. Let c be l(5). Let o = -5028 - c. Is o composite?
False
Suppose -5*y - 203815 = -5*p, 4*p = 5*p - 5. Let g be -2*(15/(-20))/((-9)/y). Suppose 18622 = 3*w + g. Is w a composite number?
False
Is (11694/(-8))/(2/(88/(-33))) a composite number?
False
Let d(v) = -182*v**2 - 99*v - 11. Let m be d(-6). Is -1 + (-4 - 0) - (-1 + m) a composite number?
True
Let b(u) = 2*u**2 + 2*u - 7. Let g be b(-3). Let f be (-2)/g - (-4)/10. Suppose 5*i + 1653 - 9938 = f. Is i a prime number?
True
Suppose -740*o = -808*o + 13804. Suppose -2*q - 544 - 48 = 0. Let t = o - q. Is t a composite number?
False
Let r = -57 + 53. Let z be (r/6)/(16/312). Let p = z - -35. Is p prime?
False
Suppose 2*z + 5*g = -20, -4*z = -2*g - 8 - 0. Suppose -y = -3*n + 1628, n + z*n = -5*y + 548. Let q = n - 356. Is q a prime number?
False
Is (-3*8/(-36))/(12 - (-3588078)/(-299007)) composite?
False
Suppose 0 = 2*b + 2 + 8, 0 = -n + 4*b + 42757. Is n a composite number?
False
Let s = 3779191 + -1518212. Is s a prime number?
False
Suppose 2*s + 8 = 2*u, -26 = -3*u + 4*s - 11. Suppose 0 = -3*w - 2*l - 10 - u, -w - 9 = 2*l. Is -877*w/(-2)*(-8 + 6) a prime number?
True
Suppose -2*r = 3*v - 26183, -5*v - 65*r = -67*r - 43665. Is v a composite number?
False
Suppose -6*z + 8*z - 5*a - 3 = 0, 2 = -2*a. Let p(s) = -4051*s**3 + 3*s**2 - 2*s - 2. Is p(z) composite?
True
Let k(m) be the third derivative of 13/6*m**3 + 0 + 0*m - 25*m**2 - 49/12*m**4. Is k(-7) a prime number?
False
Let l(g) = 19*g**2 + 491*g - 445. Is l(-53) prime?
True
Let m(t) = 6*t**3 + t**2 - 10*t - 2. Let b(u) = 5*u**3 + 3*u**2 - 9*u - 3. Let o(x) = -3*b(x) + 2*m(x). Let d = -14 + 8. Is o(d) prime?
True
Let y be (-62)/(-2) - (-19 - -22). Suppose -8*t = -748 - y. Is t a composite number?
False
Let p(q) = 12228*q + 29. Is p(13) a prime number?
True
Let j(d) = -d**3 - d**2 + 3*d - 6. Let r be j(-3). Let x(q) = 30*q**3 - 9*q**2 + 5*q + 2. Let p be x(r). Let y = 1135 - p. Is y a prime number?
True
Suppose -3*n + 4 = 4*v - 0, -v = 3*n - 10. Let c(x) = -312*x**3 - x**2 - 9*x - 15. Is c(v) composite?
True
Let m(p) = -60*p + 28. Let k be m(-7). Let c = 955 + k. Is c prime?
False
Let t(s) = 18*s**2 + 2*s + 117. Let k be t(-9). Let q = k - 678. Is q a composite number?
True
Let w = 58 + -53. Suppose w*c = 6*c - 1193. Suppose 6*k = c + 3529. Is k prime?
True
Suppose -2*r = 11*r - 884. Is r/340 + 66/(-5)*-109 composite?
False
Let i be -1 + 2 - (-8 - -3 - 2818). Let o = 669 + i. Is o prime?
False
Let t(k) = 36*k**2 - 110*k**2 + 2*k**3 + 41*k**2 + 36*k**2 - 2. Let u be t(1). Is 3*(-2)/u + 909 a prime number?
True
Let y be -3*(-4)/(-3) + 9338. Suppose -4*x = 2*w - y, x - 4*w - 2415 + 86 = 0. Is x prime?
True
Is (-19 + 10)*-9719 - -2 composite?
False
Let w = -10779 + 19346. Is w a prime number?
False
Let p = 46 + -15. Let l(y) = -6*y**2 + 45*y + 2. Let i(g) = -23*g**2 + 180*g + 19. Let f(j) = -4*i(j) + 15*l(j). Is f(p) a composite number?
True
Suppose -5*z - 3*x = -28, -4*x - x = 4*z - 12. Let h be 1*z/(-28) + 664/(-28). Is -2 + h/(-10) + 8415/25 prime?
True
Suppose 16*a - 1416684 = 5*a + 7*a. Is a composite?
True
Suppose 73969 = 5*z - 96*o + 92*o, -o - 59184 = -4*z. Is z a composite number?
False
Suppose 306*t = 328*t - 24491701 + 1482803. Is t a prime number?
True
Let b(y) = -20*y + 53. Let r be -21 - (-1 + 1) - (19 + -23). Let m be b(r). Is m/6*(-1 + 3 - 0) composite?
False
Suppose 0 = 3*a + 22 - 37. Suppose -a*z + 26339 = 2*f, 3*z - 3*f - 21085 = -z. Is z a composite number?
True
Let v be (-3)/((-24)/36*9/8). Suppose -2*u + 32230 = v*g, 0*g - 5*g + 5*u + 40280 = 0. Is g composite?
True
Let z(k) = -k**3 - 8*k**2 - 20*k - 7. Let x be z(-3). Suppose 3